eatest common divisor of 103510 and 55?
55
Calculate the greatest common divisor of 33274 and 1778.
254
What is the highest common divisor of 27 and 923364?
9
Calculate the highest common factor of 290484 and 24.
12
Calculate the highest common factor of 1817 and 874.
23
Calculate the greatest common factor of 61640 and 58420.
460
What is the highest common divisor of 175 and 14?
7
What is the highest common factor of 242166 and 30?
6
Calculate the highest common factor of 9 and 8199.
9
Calculate the highest common factor of 866839 and 213.
71
Calculate the greatest common factor of 6876 and 48.
12
What is the greatest common divisor of 232 and 1531142?
58
Calculate the highest common divisor of 4625 and 79735.
185
Calculate the greatest common factor of 140 and 16814.
14
What is the highest common divisor of 355128 and 8?
8
What is the greatest common factor of 1500 and 321?
3
What is the highest common divisor of 3306 and 4368879?
1653
What is the greatest common factor of 4 and 11568?
4
What is the greatest common factor of 1891 and 5456?
31
What is the highest common divisor of 46904 and 208?
104
What is the highest common divisor of 1920 and 930?
30
What is the greatest common divisor of 8130 and 423573?
813
Calculate the highest common factor of 12662554 and 43.
43
Calculate the highest common factor of 130225 and 4.
1
Calculate the highest common divisor of 1240966 and 19.
19
What is the greatest common divisor of 1822 and 6801526?
1822
Calculate the greatest common divisor of 27600 and 500.
100
Calculate the greatest common divisor of 155 and 1606172.
31
Calculate the greatest common factor of 9 and 97803.
9
What is the highest common divisor of 76365 and 315?
45
What is the highest common factor of 813 and 876?
3
What is the greatest common factor of 1095 and 105?
15
What is the greatest common divisor of 7797201 and 57?
57
Calculate the greatest common factor of 112 and 8981.
7
Calculate the highest common divisor of 3420 and 22680.
180
What is the highest common factor of 87 and 6292014?
87
Calculate the greatest common factor of 29522 and 116.
58
Calculate the greatest common divisor of 11954 and 2224.
278
Calculate the greatest common factor of 14943 and 34.
17
Calculate the highest common factor of 30 and 6716.
2
What is the highest common divisor of 2595 and 1905?
15
What is the highest common factor of 2057 and 974413?
121
What is the greatest common divisor of 32 and 60128?
32
Calculate the highest common factor of 8152 and 232.
8
Calculate the highest common factor of 18648 and 1008.
504
What is the greatest common factor of 48 and 50856?
24
What is the highest common factor of 86478 and 203?
203
Calculate the greatest common factor of 2 and 1012.
2
Calculate the greatest common factor of 9 and 19605.
3
Calculate the highest common factor of 601293 and 1197.
399
What is the highest common divisor of 582 and 7488?
6
What is the greatest common divisor of 590766 and 66?
66
What is the greatest common factor of 1075 and 5690?
5
What is the greatest common divisor of 31 and 815951?
31
What is the greatest common divisor of 1246 and 172304?
178
What is the greatest common divisor of 5432 and 136?
8
What is the greatest common factor of 104910 and 1170?
390
Calculate the greatest common divisor of 213439 and 915.
61
What is the greatest common divisor of 30588 and 84?
12
Calculate the highest common factor of 75 and 45585.
15
Calculate the highest common factor of 9375 and 165.
15
Calculate the highest common factor of 96 and 256776.
24
What is the highest common factor of 4 and 1572236?
4
What is the greatest common factor of 144854 and 299?
23
Calculate the highest common factor of 3 and 47027.
1
What is the highest common factor of 26955 and 195?
15
Calculate the highest common factor of 144 and 20672.
16
What is the greatest common divisor of 2343 and 23793?
33
Calculate the highest common factor of 276727 and 847.
121
What is the highest common factor of 1065078 and 79?
79
What is the highest common divisor of 12193 and 685?
137
Calculate the greatest common factor of 21 and 333102.
21
Calculate the greatest common divisor of 5191710 and 1830.
1830
What is the highest common divisor of 53100 and 750?
150
Calculate the highest common factor of 63120 and 7080.
120
Calculate the greatest common divisor of 104 and 190016.
8
Calculate the highest common factor of 31 and 31651.
31
Calculate the highest common divisor of 589 and 95.
19
Calculate the highest common divisor of 345 and 68425.
115
What is the greatest common factor of 44 and 4384?
4
Calculate the highest common factor of 166 and 1501387.
83
Calculate the greatest common divisor of 51 and 46308.
51
What is the greatest common divisor of 14140 and 9560?
20
Calculate the greatest common divisor of 22 and 1385582.
22
What is the greatest common divisor of 216 and 46932?
12
Calculate the greatest common factor of 3330 and 2479.
37
Calculate the greatest common divisor of 33 and 444609.
33
Calculate the greatest common factor of 195104 and 312.
104
Calculate the greatest common divisor of 30 and 1185.
15
What is the greatest common factor of 396 and 132984?
36
Calculate the greatest common divisor of 140693 and 995.
199
What is the highest common factor of 105196 and 364?
364
What is the highest common factor of 44 and 479358?
22
Calculate the highest common divisor of 2852 and 2356.
124
Calculate the greatest common divisor of 3762 and 12.
6
Calculate the highest common factor of 34617 and 22.
11
What is the highest common divisor of 136 and 82076?
68
Calculate the greatest common factor of 15890 and 448.
14
What is the highest common divisor of 347874 and 74?
74
What is the greatest common factor of 146027 and 92?
23
Calculate the greatest common factor of 76488 and 1104.
24
What is the highest common divisor of 277935 and 525?
105
What is the greatest common factor of 12 and 2674416?
12
Calculate the greatest common factor of 240254 and 14.
14
What is the greatest common divisor of 418 and 8668?
22
What is the highest common factor of 1570 and 12874?
314
What is the highest common divisor of 192 and 2328?
24
What is the greatest common factor of 143468 and 442?
26
What is the highest common factor of 22 and 485474?
22
Calculate the highest common divisor of 312 and 11496.
24
What is the highest common divisor of 13586906 and 73?
73
What is the highest common divisor of 38 and 247057?
19
What is the greatest common divisor of 5 and 396505?
5
Calculate the greatest common divisor of 2265 and 198867.
453
Calculate the greatest common factor of 171 and 1180242.
171
Calculate the highest common factor of 24 and 20652.
12
What is the greatest common divisor of 24 and 37992?
24
What is the highest common factor of 1197 and 1799?
7
What is the highest common factor of 1930 and 9970?
10
Calculate the greatest common factor of 17 and 232577.
17
Calculate the highest common divisor of 51 and 12750.
51
What is the highest common factor of 337 and 3957728?
337
What is the highest common factor of 135 and 385587?
27
Calculate the greatest common divisor of 140955 and 45.
15
Calculate the greatest common factor of 2916 and 35892.
36
What is the highest common factor of 2338 and 1204?
14
What is the highest common factor of 176 and 71192?
88
Calculate the greatest common factor of 368 and 248.
8
What is the highest common divisor of 63157 and 19823?
461
What is the highest common factor of 525 and 1583?
1
Calculate the greatest common divisor of 50607 and 261.
9
Calculate the highest common divisor of 180 and 174276.
36
Calculate the greatest common factor of 71685 and 1180.
295
Calculate the highest common factor of 1152 and 15488.
128
Calculate the greatest common divisor of 2112 and 6798.
66
Calculate the greatest common factor of 11538 and 450.
18
What is the highest common divisor of 352 and 113888?
32
What is the greatest common factor of 234961 and 2?
1
What is the highest common factor of 424177 and 6968?
871
What is the greatest common factor of 123331 and 1378?
689
Calculate the highest common factor of 52404 and 36.
12
What is the highest common factor of 6600 and 346200?
600
Calculate the greatest common factor of 264519 and 2424.
303
Calculate the highest common factor of